vided by 3176?
11
Calculate the remainder when 8057 is divided by 158.
157
What is the remainder when 564 is divided by 275?
14
What is the remainder when 61492 is divided by 277?
275
Calculate the remainder when 2802 is divided by 51.
48
Calculate the remainder when 96 is divided by 53.
43
What is the remainder when 63 is divided by 10?
3
What is the remainder when 111 is divided by 4?
3
What is the remainder when 1145 is divided by 8?
1
What is the remainder when 3379 is divided by 32?
19
Calculate the remainder when 181 is divided by 43.
9
What is the remainder when 1235 is divided by 14?
3
Calculate the remainder when 127 is divided by 28.
15
Calculate the remainder when 1208 is divided by 172.
4
What is the remainder when 429 is divided by 86?
85
What is the remainder when 1297 is divided by 75?
22
What is the remainder when 791 is divided by 19?
12
Calculate the remainder when 1387 is divided by 24.
19
What is the remainder when 108 is divided by 30?
18
Calculate the remainder when 1471 is divided by 29.
21
What is the remainder when 2213 is divided by 223?
206
What is the remainder when 2161 is divided by 273?
250
What is the remainder when 50839 is divided by 310?
309
What is the remainder when 7255 is divided by 42?
31
What is the remainder when 8642 is divided by 7?
4
Calculate the remainder when 93 is divided by 44.
5
Calculate the remainder when 168 is divided by 59.
50
Calculate the remainder when 1674 is divided by 106.
84
Calculate the remainder when 251 is divided by 27.
8
What is the remainder when 43 is divided by 16?
11
Calculate the remainder when 242 is divided by 125.
117
Calculate the remainder when 511 is divided by 29.
18
Calculate the remainder when 1295 is divided by 11.
8
What is the remainder when 333 is divided by 85?
78
Calculate the remainder when 95 is divided by 70.
25
What is the remainder when 31 is divided by 14?
3
Calculate the remainder when 7498 is divided by 70.
8
Calculate the remainder when 79 is divided by 30.
19
Calculate the remainder when 164 is divided by 50.
14
What is the remainder when 58 is divided by 33?
25
Calculate the remainder when 968 is divided by 5.
3
What is the remainder when 309 is divided by 20?
9
What is the remainder when 3022 is divided by 25?
22
Calculate the remainder when 1856 is divided by 60.
56
Calculate the remainder when 435 is divided by 427.
8
What is the remainder when 667 is divided by 48?
43
Calculate the remainder when 694 is divided by 24.
22
What is the remainder when 1734 is divided by 9?
6
What is the remainder when 628 is divided by 3?
1
Calculate the remainder when 679 is divided by 142.
111
What is the remainder when 565 is divided by 149?
118
What is the remainder when 147 is divided by 50?
47
What is the remainder when 71 is divided by 7?
1
Calculate the remainder when 619 is divided by 124.
123
What is the remainder when 2639 is divided by 44?
43
What is the remainder when 549 is divided by 79?
75
What is the remainder when 1538 is divided by 17?
8
Calculate the remainder when 243 is divided by 147.
96
Calculate the remainder when 528 is divided by 171.
15
Calculate the remainder when 243 is divided by 63.
54
What is the remainder when 151 is divided by 7?
4
Calculate the remainder when 3549 is divided by 222.
219
What is the remainder when 10487 is divided by 69?
68
What is the remainder when 708 is divided by 103?
90
What is the remainder when 40 is divided by 15?
10
Calculate the remainder when 232 is divided by 18.
16
Calculate the remainder when 3655 is divided by 228.
7
What is the remainder when 5654 is divided by 1130?
4
Calculate the remainder when 514 is divided by 128.
2
What is the remainder when 250 is divided by 87?
76
Calculate the remainder when 357 is divided by 85.
17
What is the remainder when 12699 is divided by 146?
143
What is the remainder when 1147 is divided by 383?
381
What is the remainder when 5828 is divided by 67?
66
What is the remainder when 134 is divided by 73?
61
Calculate the remainder when 544 is divided by 19.
12
What is the remainder when 473 is divided by 39?
5
Calculate the remainder when 5058 is divided by 230.
228
Calculate the remainder when 9003 is divided by 13.
7
Calculate the remainder when 3911 is divided by 229.
18
What is the remainder when 703 is divided by 32?
31
What is the remainder when 855 is divided by 282?
9
What is the remainder when 34648 is divided by 55?
53
Calculate the remainder when 270 is divided by 135.
0
Calculate the remainder when 3499 is divided by 269.
2
What is the remainder when 1702 is divided by 1699?
3
Calculate the remainder when 384 is divided by 9.
6
What is the remainder when 228 is divided by 40?
28
What is the remainder when 241 is divided by 14?
3
Calculate the remainder when 753 is divided by 202.
147
Calculate the remainder when 570 is divided by 36.
30
Calculate the remainder when 1574 is divided by 125.
74
What is the remainder when 300 is divided by 106?
88
Calculate the remainder when 330 is divided by 10.
0
What is the remainder when 518 is divided by 195?
128
Calculate the remainder when 1241 is divided by 116.
81
Calculate the remainder when 34 is divided by 12.
10
What is the remainder when 822 is divided by 23?
17
What is the remainder when 20662 is divided by 7?
5
Calculate the remainder when 965 is divided by 22.
19
Calculate the remainder when 353 is divided by 144.
65
Calculate the remainder when 2419 is divided by 96.
19
Calculate the remainder when 2495 is divided by 12.
11
Calculate the remainder when 1240 is divided by 52.
44
What is the remainder when 469 is divided by 39?
1
Calculate the remainder when 265 is divided by 38.
37
What is the remainder when 50 is divided by 34?
16
Calculate the remainder when 243 is divided by 73.
24
Calculate the remainder when 900 is divided by 315.
270
What is the remainder when 418 is divided by 20?
18
Calculate the remainder when 822 is divided by 15.
12
Calculate the remainder when 830 is divided by 121.
104
What is the remainder when 1311 is divided by 379?
174
What is the remainder when 1396 is divided by 143?
109
Calculate the remainder when 214 is divided by 76.
62
What is the remainder when 64 is divided by 18?
10
What is the remainder when 872 is divided by 55?
47
What is the remainder when 491 is divided by 15?
11
Calculate the remainder when 145 is divided by 37.
34
Calculate the remainder when 639 is divided by 16.
15
What is the remainder when 1641 is divided by 1631?
10
What is the remainder when 653 is divided by 94?
89
What is the remainder when 571 is divided by 25?
21
Calculate the remainder when 14797 is divided by 37.
34
Calculate the remainder when 106 is divided by 11.
7
What is the remainder when 43 is divided by 17?
9
Calculate the remainder when 90 is divided by 19.
14
What is the remainder when 3604 is divided by 449?
12
What is the remainder when 1734 is divided by 17?
0
What is the remainder when 9701 is divided by 49?
48
Calculate the remainder when 86 is divided by 19.
10
Calculate the remainder when 914 is divided by 450.
14
What is the remainder when 2493 is divided by 2491?
2
What is the remainder when 539 is divided by 30?
29
Calculate the remainder when 475 is divided by 13.
7
What is the remainder when 1589 is divided by 38?
31
What is the remainder when 176 is divided by 18?
14
What is the remainder when 5464 is divided by 71?
68
What is the remainder when 571 is divided by 35?
11
Calculate the remainder when 10585 is divided by 79.
78
What is the remainder when 317 is divided by 10?
7
What is the remainder when 1489 is divided by 100?
89
What is the remainder when 89 is divided by 15?
14
What is the remainder when 2731 is divided by 119?
113
Calculate the remainder when 826 is divided by 138.
136
Calculate the remainder when 304 is divided by 34.
32
What is the remainder when 101 is divided by 30?
11
Calculate the remainder when 80 is divided by 47.
33
Calculate the remainder when 13037 is divided by 123.
122
Calculate the remainder when 673 is divided by 5.
3
What is the remainder when 18 is divided by 5?
3
What is the remainder when 1202 is divided by 67?
63
What is the remainder when 1706 is divided by 28?
26
What is the remainder when 110 is divided by 104?
6
Calculate th